{"id":222,"date":"2025-05-21T22:53:29","date_gmt":"2025-05-21T22:53:29","guid":{"rendered":"https:\/\/tiemsachhoangtu.vn\/?page_id=222"},"modified":"2025-05-27T02:08:47","modified_gmt":"2025-05-26T19:08:47","slug":"chinh-sach-van-chuyen-giao-nhan-hang","status":"publish","type":"page","link":"https:\/\/tiemsachhoangtu.vn\/?page_id=222","title":{"rendered":"Ch\u00ednh s\u00e1ch v\u1eadn chuy\u1ec3n &#8211; giao nh\u1eadn h\u00e0ng"},"content":{"rendered":"<blockquote class=\"wp-block-quote is-layout-flow wp-block-quote-is-layout-flow\"><p><em>(Ch\u00ednh s\u00e1ch \u00e1p d\u1ee5ng cho kh\u00e1ch h\u00e0ng \u0111\u1eb7t mua t\u1ea1i Fanpage\/Zalo <a href=\"https:\/\/www.facebook.com\/tiemsachhoangtu.vn\/\">Ti\u1ec7m s\u00e1ch Ho\u00e0ng T\u1eed<\/a> v\u00e0 website tiemsachhoangtu.vn &#8211; \u0110\u1ed1i v\u1edbi qu\u00fd kh\u00e1ch h\u00e0ng mua tr\u00ean Shopee v\u00e0 TikTok Shop, \u0111\u01a1n h\u00e0ng s\u1ebd \u0111\u01b0\u1ee3c v\u1eadn chuy\u1ec3n theo ch\u00ednh s\u00e1ch c\u1ee7a s\u00e0n th\u01b0\u01a1ng m\u1ea1i \u0111i\u1ec7n t\u1eed).<\/em><\/p><\/blockquote><p>Ti\u1ec7m s\u00e1ch Ho\u00e0ng T\u1eed lu\u00f4n \u0111\u1eb7t m\u1ee5c ti\u00eau cung c\u1ea5p t\u1edbi qu\u00fd kh\u00e1ch h\u00e0ng nh\u1eefng s\u1ea3n ph\u1ea9m v\u00e0 ph\u01b0\u01a1ng th\u1ee9c v\u1eadn chuy\u1ec3n t\u1ed1t nh\u1ea5t, v\u1edbi chi ph\u00ed c\u1ea1nh tranh nh\u1ea5t \u0111\u1ec3 lu\u00f4n l\u00e0 l\u1ef1a ch\u1ecdn \u0111\u00e1ng tin v\u00e0 quen thu\u1ed9c d\u00e0nh cho b\u1ea1n. Ch\u00fang t\u00f4i hi\u1ec7n h\u1ed7 tr\u1ee3 giao h\u00e0ng tr\u00ean to\u00e0n qu\u1ed1c xin g\u1eedi t\u1edbi qu\u00fd kh\u00e1ch h\u00e0ng th\u00f4ng tin c\u1ee5 th\u1ec3 nh\u01b0 sau:<\/p><h4 class=\"wp-block-heading\"><strong>1. \u0110\u1ed1i t\u00e1c v\u1eadn chuy\u1ec3n:<\/strong><\/h4><div class=\"wp-block-columns is-layout-flex wp-container-core-columns-is-layout-9d6595d7 wp-block-columns-is-layout-flex\"><div class=\"wp-block-column is-vertically-aligned-center is-layout-flow wp-block-column-is-layout-flow\"><figure class=\"wp-block-image aligncenter size-large is-resized\"><img fetchpriority=\"high\" decoding=\"async\" width=\"1024\" height=\"397\" src=\"https:\/\/tiemsachhoangtu.vn\/wp-content\/uploads\/2025\/05\/Viettel-Post-Logo-1024x397.png\" alt=\"\" class=\"wp-image-233\" style=\"width:129px;height:auto\" srcset=\"https:\/\/tiemsachhoangtu.vn\/wp-content\/uploads\/2025\/05\/Viettel-Post-Logo-1024x397.png 1024w, https:\/\/tiemsachhoangtu.vn\/wp-content\/uploads\/2025\/05\/Viettel-Post-Logo-300x116.png 300w, https:\/\/tiemsachhoangtu.vn\/wp-content\/uploads\/2025\/05\/Viettel-Post-Logo-768x298.png 768w, https:\/\/tiemsachhoangtu.vn\/wp-content\/uploads\/2025\/05\/Viettel-Post-Logo-1536x595.png 1536w, https:\/\/tiemsachhoangtu.vn\/wp-content\/uploads\/2025\/05\/Viettel-Post-Logo-2048x794.png 2048w\" sizes=\"(max-width: 1024px) 100vw, 1024px\" \/><\/figure><\/div>\n\n<div class=\"wp-block-column is-vertically-aligned-center is-layout-flow wp-block-column-is-layout-flow\"><figure class=\"wp-block-image aligncenter size-large is-resized\"><img decoding=\"async\" width=\"2000\" height=\"1120\" src=\"https:\/\/tiemsachhoangtu.vn\/wp-content\/uploads\/2025\/05\/giao_hang_nhanh_toan_quoc_color.b7d18fe5_39425b03ee544ab2966d465756a00f89.png\" alt=\"\" class=\"wp-image-223\" style=\"width:143px;height:auto\" srcset=\"https:\/\/tiemsachhoangtu.vn\/wp-content\/uploads\/2025\/05\/giao_hang_nhanh_toan_quoc_color.b7d18fe5_39425b03ee544ab2966d465756a00f89.png 2000w, https:\/\/tiemsachhoangtu.vn\/wp-content\/uploads\/2025\/05\/giao_hang_nhanh_toan_quoc_color.b7d18fe5_39425b03ee544ab2966d465756a00f89-300x168.png 300w, https:\/\/tiemsachhoangtu.vn\/wp-content\/uploads\/2025\/05\/giao_hang_nhanh_toan_quoc_color.b7d18fe5_39425b03ee544ab2966d465756a00f89-1024x573.png 1024w, https:\/\/tiemsachhoangtu.vn\/wp-content\/uploads\/2025\/05\/giao_hang_nhanh_toan_quoc_color.b7d18fe5_39425b03ee544ab2966d465756a00f89-768x430.png 768w, https:\/\/tiemsachhoangtu.vn\/wp-content\/uploads\/2025\/05\/giao_hang_nhanh_toan_quoc_color.b7d18fe5_39425b03ee544ab2966d465756a00f89-1536x860.png 1536w\" sizes=\"(max-width: 2000px) 100vw, 2000px\" \/><\/figure><\/div>\n\n<div class=\"wp-block-column is-vertically-aligned-center is-layout-flow wp-block-column-is-layout-flow\"><figure class=\"wp-block-image aligncenter size-large is-resized\"><img decoding=\"async\" width=\"1024\" height=\"346\" src=\"https:\/\/tiemsachhoangtu.vn\/wp-content\/uploads\/2025\/05\/GHTK-Logo-1024x346.png\" alt=\"\" class=\"wp-image-234\" style=\"width:166px;height:auto\" srcset=\"https:\/\/tiemsachhoangtu.vn\/wp-content\/uploads\/2025\/05\/GHTK-Logo-1024x346.png 1024w, https:\/\/tiemsachhoangtu.vn\/wp-content\/uploads\/2025\/05\/GHTK-Logo-300x101.png 300w, https:\/\/tiemsachhoangtu.vn\/wp-content\/uploads\/2025\/05\/GHTK-Logo-768x259.png 768w, https:\/\/tiemsachhoangtu.vn\/wp-content\/uploads\/2025\/05\/GHTK-Logo-1536x519.png 1536w, https:\/\/tiemsachhoangtu.vn\/wp-content\/uploads\/2025\/05\/GHTK-Logo-2048x692.png 2048w\" sizes=\"(max-width: 1024px) 100vw, 1024px\" \/><\/figure><\/div><\/div><h4 class=\"wp-block-heading\">2. Chi ph\u00ed giao h\u00e0ng:<\/h4><p>Ti\u1ec7m s\u00e1ch Ho\u00e0ng t\u1eed \u00e1p d\u1ee5ng m\u1ee9c ph\u00ed c\u1ed1 \u0111\u1ecbnh c\u1ee7a c\u00e1c \u0111\u1ed1i t\u00e1c v\u1eadn chuy\u1ec3n. M\u1ee9c ph\u00ed c\u00f3 th\u1ec3 kh\u00e1c nhau tu\u1ef3 thu\u1ed9c v\u00e0o s\u1ed1 l\u01b0\u1ee3ng h\u00e0ng \u0111\u1eb7t, ph\u01b0\u01a1ng th\u1ee9c v\u1eadn chuy\u1ec3n (ti\u1ebft ki\u1ec7m, nhanh, ho\u1ea3 t\u1ed1c&#8230;) v\u00e0 kho\u1ea3ng c\u00e1ch \u0111\u1ecba l\u00fd.<\/p><h4 class=\"wp-block-heading\"><strong>3. Th\u1eddi gian giao h\u00e0ng to\u00e0n qu\u1ed1c (ch\u01b0a \u00e1p d\u1ee5ng v\u1edbi nh\u1eefng ng\u00e0y ngh\u1ec9 l\u1ec5, t\u1ebft):<\/strong><\/h4><ul class=\"wp-block-list\"><li>Tp. H\u1ed3 Ch\u00ed Minh: Nh\u1eadn h\u00e0ng trong ng\u00e0y ho\u1eb7c 1 &#8211; 2 ng\u00e0y l\u00e0m vi\u1ec7c.<\/li>\n\n<li>C\u00e1c t\u1ec9nh mi\u1ec1n nam: Nh\u1eadn h\u00e0ng t\u1eeb 1 &#8211; 3 ng\u00e0y l\u00e0m vi\u1ec7c.<\/li>\n\n<li>C\u00e1c t\u1ec9nh mi\u1ec1n trung: Nh\u1eadn h\u00e0ng t\u1eeb 1 &#8211; 4 ng\u00e0y l\u00e0m vi\u1ec7c.<\/li>\n\n<li>Th\u1ee7 \u0111\u00f4 H\u00e0 N\u1ed9i: Nh\u1eadn h\u00e0ng t\u1eeb 1 &#8211; 5 ng\u00e0y l\u00e0m vi\u1ec7c.<\/li>\n\n<li>C\u00e1c t\u1ec9nh mi\u1ec1n b\u1eafc: Nh\u1eadn h\u00e0ng t\u1eeb 3 &#8211; 5 ng\u00e0y l\u00e0m vi\u1ec7c.<\/li><\/ul><p><em>\u0110\u1ed1i v\u1edbi nh\u1eefng s\u1ea3n ph\u1ea9m thu\u1ed9c m\u1eb7t h\u00e0ng &#8220;\u0111\u1eb7t tr\u01b0\u1edbc&#8221; (c\u00e1c s\u1ea3n ph\u1ea9m c\u00f3 l\u01b0\u1ee3ng mua v\u01b0\u1ee3t tr\u1ed9i, nh\u00e0 xu\u1ea5t b\u1ea3n h\u1ebft h\u00e0ng, ngu\u1ed3n cung kh\u00f4ng \u1ed5n \u0111\u1ecbnh&#8230;) Ti\u1ec7m s\u00e1ch Ho\u00e0ng T\u1eed s\u1ebd c\u1ea7n th\u00eam 1 &#8211; 3 ng\u00e0y l\u00e0m vi\u1ec7c \u0111\u1ec3 x\u1eed l\u00fd \u0111\u01a1n h\u00e0ng, th\u1eddi gian s\u1ebd c\u1ed9ng v\u00e0o th\u1eddi gian giao h\u00e0ng.<\/em><\/p><p>Ti\u1ec7m s\u00e1ch Ho\u00e0ng T\u1eed c\u00f3 quy\u1ec1n thay \u0111\u1ed5i th\u1eddi gian giao h\u00e0ng trong tr\u01b0\u1eddng h\u1ee3p ch\u1ecbu \u1ea3nh h\u01b0\u1edfng b\u1edfi thi\u00ean tai ho\u1eb7c c\u00e1c s\u1ef1 ki\u1ec7n \u0111\u1eb7c bi\u1ec7t.<\/p><p>\u0110\u1ec3 ki\u1ec3m tra chi ti\u1ebft th\u00f4ng tin ho\u1eb7c t\u00ecnh tr\u1ea1ng giao h\u00e0ng, qu\u00fd kh\u00e1ch h\u00e0ng vui l\u00f2ng li\u00ean h\u1ec7 v\u1edbi b\u1ed9 ph\u1eadn Ch\u0103m s\u00f3c kh\u00e1ch h\u00e0ng.<\/p><p>Khi h\u00e0ng \u0111\u01b0\u1ee3c v\u1eadn chuy\u1ec3n t\u1edbi v\u1edbi qu\u00fd kh\u00e1ch, vui l\u00f2ng ho\u00e0n t\u1ea5t vi\u1ec7c thanh to\u00e1n v\u00e0 k\u00fd x\u00e1c nh\u1eadn v\u1edbi nh\u00e2n vi\u00ean giao h\u00e0ng, sau \u0111\u00f3 qu\u00fd kh\u00e1ch vui l\u00f2ng ki\u1ec3m tra n\u1ebfu s\u1ea3n ph\u1ea9m c\u00f3 l\u1ed7i ho\u1eb7c khuy\u1ebft \u0111i\u1ec3m n\u00e0o. Xin qu\u00fd kh\u00e1ch vui l\u00f2ng li\u00ean h\u1ec7 \u0111\u01a1n v\u1ecb v\u1eadn chuy\u1ec3n v\u00e0 Ti\u1ec7m s\u00e1ch Ho\u00e0ng T\u1eed \u0111\u1ec3 ki\u1ec3m tra, h\u1ed7 tr\u1ee3 gi\u1ea3i quy\u1ebft. <em>(Khuy\u1ebfn kh\u00edch qu\u00fd kh\u00e1ch quay video \u0111\u1ec3 Ti\u1ec7m s\u00e1ch Ho\u00e0ng T\u1eed h\u1ed7 tr\u1ee3 \u0111\u1ea3m b\u1ea3o quy\u1ec1n l\u1ee3i cho b\u1ea1n t\u1ed1t nh\u1ea5t).<\/em><\/p><p class=\"has-text-align-right\">Tr\u00e2n tr\u1ecdng.<\/p>","protected":false},"excerpt":{"rendered":"<p>(Ch\u00ednh s\u00e1ch \u00e1p d\u1ee5ng cho kh\u00e1ch h\u00e0ng \u0111\u1eb7t mua t\u1ea1i Fanpage\/Zalo Ti\u1ec7m s\u00e1ch Ho\u00e0ng T\u1eed v\u00e0 website tiemsachhoangtu.vn &#8211; \u0110\u1ed1i v\u1edbi qu\u00fd kh\u00e1ch h\u00e0ng mua tr\u00ean Shopee v\u00e0 TikTok Shop, \u0111\u01a1n h\u00e0ng s\u1ebd \u0111\u01b0\u1ee3c v\u1eadn chuy\u1ec3n theo ch\u00ednh s\u00e1ch c\u1ee7a s\u00e0n th\u01b0\u01a1ng m\u1ea1i \u0111i\u1ec7n t\u1eed). Ti\u1ec7m s\u00e1ch Ho\u00e0ng T\u1eed lu\u00f4n \u0111\u1eb7t m\u1ee5c ti\u00eau cung c\u1ea5p&#8230;<\/p>\n","protected":false},"author":1,"featured_media":0,"parent":0,"menu_order":0,"comment_status":"closed","ping_status":"closed","template":"","meta":{"pagelayer_contact_templates":[],"_pagelayer_content":"","_bst_post_transparent":"","_bst_post_title":"","_bst_post_layout":"","_bst_post_sidebar_id":"","_bst_post_content_style":"","_bst_post_vertical_padding":"","_bst_post_feature":"","_bst_post_feature_position":"","_bst_post_header":false,"_bst_post_footer":false,"footnotes":""},"class_list":["post-222","page","type-page","status-publish","hentry"],"jetpack_sharing_enabled":true,"_links":{"self":[{"href":"https:\/\/tiemsachhoangtu.vn\/index.php?rest_route=\/wp\/v2\/pages\/222","targetHints":{"allow":["GET"]}}],"collection":[{"href":"https:\/\/tiemsachhoangtu.vn\/index.php?rest_route=\/wp\/v2\/pages"}],"about":[{"href":"https:\/\/tiemsachhoangtu.vn\/index.php?rest_route=\/wp\/v2\/types\/page"}],"author":[{"embeddable":true,"href":"https:\/\/tiemsachhoangtu.vn\/index.php?rest_route=\/wp\/v2\/users\/1"}],"replies":[{"embeddable":true,"href":"https:\/\/tiemsachhoangtu.vn\/index.php?rest_route=%2Fwp%2Fv2%2Fcomments&post=222"}],"version-history":[{"count":14,"href":"https:\/\/tiemsachhoangtu.vn\/index.php?rest_route=\/wp\/v2\/pages\/222\/revisions"}],"predecessor-version":[{"id":3358,"href":"https:\/\/tiemsachhoangtu.vn\/index.php?rest_route=\/wp\/v2\/pages\/222\/revisions\/3358"}],"wp:attachment":[{"href":"https:\/\/tiemsachhoangtu.vn\/index.php?rest_route=%2Fwp%2Fv2%2Fmedia&parent=222"}],"curies":[{"name":"wp","href":"https:\/\/api.w.org\/{rel}","templated":true}]}}